{"id":341,"date":"2024-07-08T11:43:50","date_gmt":"2024-07-08T09:43:50","guid":{"rendered":"https:\/\/latelier9.eu\/?page_id=341"},"modified":"2026-04-21T16:40:43","modified_gmt":"2026-04-21T14:40:43","slug":"temoignages","status":"publish","type":"page","link":"https:\/\/latelier9.eu\/index.php\/temoignages\/","title":{"rendered":"T\u00e9moignages"},"content":{"rendered":"\n<hr class=\"wp-block-separator has-alpha-channel-opacity\"\/>\n\n\n\n<pre class=\"wp-block-verse has-text-align-center\">Voici quelques avis laiss\u00e9s par des collaborateurs qui m'ont fait confiance.<br>Si vous aussi, vous souhaitez t\u00e9moigner, \u00e9crivez moi un petit mot (sms\/mail) !<\/pre>\n\n\n\n<figure class=\"wp-block-image aligncenter size-large is-resized is-style-default\"><img loading=\"lazy\" decoding=\"async\" width=\"2560\" height=\"1440\" src=\"https:\/\/latelier9.eu\/wp-content\/uploads\/2024\/08\/jess-bailey-l3N9Q27zULw-unsplash-1-edited-scaled.jpg\" alt=\"crayons couleur\" class=\"wp-image-488\" style=\"width:478px;height:auto\" srcset=\"https:\/\/latelier9.eu\/wp-content\/uploads\/2024\/08\/jess-bailey-l3N9Q27zULw-unsplash-1-edited-scaled.jpg 2560w, https:\/\/latelier9.eu\/wp-content\/uploads\/2024\/08\/jess-bailey-l3N9Q27zULw-unsplash-1-edited-300x169.jpg 300w, https:\/\/latelier9.eu\/wp-content\/uploads\/2024\/08\/jess-bailey-l3N9Q27zULw-unsplash-1-edited-1024x576.jpg 1024w, https:\/\/latelier9.eu\/wp-content\/uploads\/2024\/08\/jess-bailey-l3N9Q27zULw-unsplash-1-edited-768x432.jpg 768w, https:\/\/latelier9.eu\/wp-content\/uploads\/2024\/08\/jess-bailey-l3N9Q27zULw-unsplash-1-edited-1536x864.jpg 1536w, https:\/\/latelier9.eu\/wp-content\/uploads\/2024\/08\/jess-bailey-l3N9Q27zULw-unsplash-1-edited-2048x1152.jpg 2048w\" sizes=\"auto, (max-width: 2560px) 100vw, 2560px\" \/><\/figure>\n\n\n\n<blockquote class=\"wp-block-quote is-layout-flow wp-block-quote-is-layout-flow\">\n<p>J\u2019ai fait appel \u00e0 Eva pour la cr\u00e9ation de mes cartes de visite, mes flyers et mes affiches. Je lui ai expliqu\u00e9 ce que je voulais et elle a su me guider et \u00eatre force de propositions tout en respectant mes envies. Travail de qualit\u00e9 et d\u00e9lais plus que respect\u00e9s. Je reviendrai avec plaisir, merci encore !<br> <\/p>\n<\/blockquote>\n\n\n\n<p class=\"has-luminous-vivid-amber-color has-text-color has-link-color has-medium-font-size wp-elements-4345a401c2e4e47bbd3aad64c8023609\"><strong>Ana\u00efs<\/strong> <strong>Dufaux&nbsp;<\/strong>\u2013&nbsp;<em>Accompagner eau coeur de la vie<\/em> &#8211; le 28\/06\/2024<\/p>\n\n\n\n<hr class=\"wp-block-separator has-alpha-channel-opacity\"\/>\n\n\n\n<blockquote class=\"wp-block-quote is-layout-flow wp-block-quote-is-layout-flow\">\n<p>Eva a cr\u00e9\u00e9 mon logo de A \u00e0 Z en partant d\u2019une id\u00e9e vraiment simple, elle a su faire ressortir exactement ce que je voulais ! Mes clients adorent mes cartes, elles leurs donnent le sourire et pour un premier contact, on ne peut esp\u00e9rer mieux. Merci mille fois pour ce travail de qualit\u00e9 !<br><\/p>\n<\/blockquote>\n\n\n\n<p class=\"has-luminous-vivid-amber-color has-text-color has-link-color has-medium-font-size wp-elements-e00a7e226827b6c285724132f87faad2\"><strong>Antonin<\/strong> <strong>Dufaux&nbsp;<\/strong>\u2013<em>&nbsp;Graine de bricoleur<\/em> &#8211; le 12\/07\/2024<\/p>\n\n\n\n<hr class=\"wp-block-separator has-alpha-channel-opacity\"\/>\n\n\n\n<blockquote class=\"wp-block-quote is-layout-flow wp-block-quote-is-layout-flow\">\n<p>Merci pour les nombreuses cr\u00e9ations, gr\u00e2ce aux nombreux \u00e9changes et \u00e0 ton \u00e9coute, j&#8217;ai obtenu un r\u00e9sultat parfait \u00e0 chaque fois ! Le truc en plus ? Le go\u00fbt du d\u00e9tail et de la finition.<\/p>\n<\/blockquote>\n\n\n\n<p class=\"has-luminous-vivid-amber-color has-text-color has-link-color has-medium-font-size wp-elements-e09554396acef7fec01a650550e184a1\"><strong>Gwendoline<\/strong> <strong>Moncaut <\/strong>&#8211; <em>Pep&#8217;s Fitness<\/em> &#8211; le 26\/08\/2024<\/p>\n\n\n\n<hr class=\"wp-block-separator has-alpha-channel-opacity\"\/>\n\n\n\n<blockquote class=\"wp-block-quote is-layout-flow wp-block-quote-is-layout-flow\">\n<p>Merci \u00e0 Eva pour les cartes de visite qu&#8217;elle m&#8217;a cr\u00e9\u00e9 cet hiver ! Elles correspondent parfaitement \u00e0 ma demande.<\/p>\n<\/blockquote>\n\n\n\n<p class=\"has-luminous-vivid-amber-color has-text-color has-link-color has-medium-font-size wp-elements-1baece7bfe77d4a6efb9448748ccdb2f\"><strong>Fr\u00e9d\u00e9ric<\/strong> <strong>Cointard <\/strong>&#8211; <em>Aide \u00e0 la personne<\/em> &#8211; le 25\/09\/2024<\/p>\n\n\n\n<hr class=\"wp-block-separator has-alpha-channel-opacity\"\/>\n\n\n\n<blockquote class=\"wp-block-quote is-layout-flow wp-block-quote-is-layout-flow\">\n<p>Madame Gaborit,<br>Je vous remercie pour les cartes que vous m&#8217;avez faite. Je me suis sentie \u00e0 l&#8217;\u00e9coute, le logo et mes cartes le confirme vraiment. Vous avez su cr\u00e9er mes envies et mes besoins.<br>Merci beaucoup<br><\/p>\n<\/blockquote>\n\n\n\n<p class=\"has-luminous-vivid-amber-color has-text-color has-link-color has-medium-font-size wp-elements-8589d714a1f72a04546969f9c6cc87b5\"><strong>Corinne Laluc<\/strong> &#8211; <em>Hypnoth\u00e9rapeute<\/em> &#8211; le 03\/01\/2025<\/p>\n\n\n\n<hr class=\"wp-block-separator has-alpha-channel-opacity\"\/>\n\n\n\n<div style=\"height:0px\" aria-hidden=\"true\" class=\"wp-block-spacer\"><\/div>\n\n\n\n<blockquote class=\"wp-block-quote is-layout-flow wp-block-quote-is-layout-flow\">\n<p>Professionnelle, comp\u00e9tente et chaleureuse, Eva saura r\u00e9pondre \u00e0 vos attentes et vous accompagnera dans la r\u00e9alisation de votre projet, avec notamment des solutions personnalis\u00e9es.<br>Pour ma part je suis ravi du travail accompli et de sa disponibilit\u00e9, et ferai \u00e0 nouveau appel \u00e0 elle dans un avenir proche.<\/p>\n<\/blockquote>\n\n\n\n<p class=\"has-luminous-vivid-amber-color has-text-color has-link-color has-medium-font-size wp-elements-b09776d4df3f432afabb2a8afbd1e4dc\"><strong>Erik Jegou<\/strong> &#8211; <em>OHM Elec 17<\/em> &#8211; le 31\/01\/2025<\/p>\n\n\n\n<hr class=\"wp-block-separator has-alpha-channel-opacity\"\/>\n\n\n\n<div style=\"height:0px\" aria-hidden=\"true\" class=\"wp-block-spacer\"><\/div>\n\n\n\n<blockquote class=\"wp-block-quote is-layout-flow wp-block-quote-is-layout-flow\">\n<p>Merci mille fois \u00e0 L&#8217;Atelier 9, pour avoir cr\u00e9\u00e9 mon logo et mes cartes de visite. Travail rapide, soign\u00e9 et cr\u00e9atif\ud83c\udf1e\ud83d\ude4f\ud83d\ude4f<\/p>\n<\/blockquote>\n\n\n\n<p class=\"has-luminous-vivid-amber-color has-text-color has-link-color has-medium-font-size wp-elements-2ec54b784b9d6583322164cc85c49fc4\"><strong>Ingrid Inchausp\u00e9<\/strong> &#8211; <em>Coach de vie<\/em> &#8211; le 20\/03\/2025<\/p>\n\n\n\n<hr class=\"wp-block-separator has-alpha-channel-opacity\"\/>\n\n\n\n<div style=\"height:0px\" aria-hidden=\"true\" class=\"wp-block-spacer\"><\/div>\n\n\n\n<blockquote class=\"wp-block-quote is-layout-flow wp-block-quote-is-layout-flow\">\n<p>Je suis ravie d&#8217;avoir fait appel \u00e0 \u00c9va pour la cr\u00e9ation de mon logo. Elle a su capter avec justesse ma personnalit\u00e9, les tons que je souhaitais et surtout le message que je voulais transmettre \u00e0 travers mon activit\u00e9. Son \u00e9coute, sa cr\u00e9ativit\u00e9 et son professionnalisme ont fait toute la diff\u00e9rence. Je me sens pleinement en phase avec mon identit\u00e9 visuelle, qui refl\u00e8te parfaitement les valeurs et l&#8217;accompagnement que je propose. Merci encore pour ce magnifique travail !<\/p>\n<\/blockquote>\n\n\n\n<div style=\"height:0px\" aria-hidden=\"true\" class=\"wp-block-spacer\"><\/div>\n\n\n\n<div style=\"height:0px\" aria-hidden=\"true\" class=\"wp-block-spacer\"><\/div>\n\n\n\n<p class=\"has-luminous-vivid-amber-color has-text-color has-link-color has-medium-font-size wp-elements-2c3adcc486123dc922a45c1245f9e6a1\"><strong>Ana\u00efs<\/strong> <strong>Dufaux<\/strong>&nbsp;\u2013&nbsp;<em>Accompagner eau coeur de la vie<\/em> &#8211; le 25\/03\/2025<\/p>\n\n\n\n<hr class=\"wp-block-separator has-alpha-channel-opacity\"\/>\n\n\n\n<blockquote class=\"wp-block-quote is-layout-flow wp-block-quote-is-layout-flow\">\n<p>Nous sommes tr\u00e8s satisfaits du travail r\u00e9alis\u00e9 par Eva.<br>Elle a su parfaitement comprendre nos besoins et retranscrire notre identit\u00e9 visuelle avec cr\u00e9ativit\u00e9, professionnalisme et r\u00e9activit\u00e9.<br>Chaque proposition \u00e9tait soign\u00e9e et pertinente et les \u00e9changes ont toujours \u00e9t\u00e9 fluides et agr\u00e9ables.<br>Un vrai plaisir de collaborer ensemble.<br>Nous recommandons vivement ses services et n\u2019h\u00e9siterons pas \u00e0 faire appel \u00e0 elle pour nos futurs projets !<\/p>\n<\/blockquote>\n\n\n\n<p class=\"has-luminous-vivid-amber-color has-text-color has-link-color has-medium-font-size wp-elements-7a948098d1bbbf31bbee7aac8e0e79e8\"><strong>Clo\u00e9 Broucaret et Pierre-Albert Taunay<\/strong> &#8211; <em>Au pr\u00e8s des arbres<\/em> &#8211; le 28\/04\/2025<\/p>\n\n\n\n<div style=\"height:4px\" aria-hidden=\"true\" class=\"wp-block-spacer\"><\/div>\n\n\n\n<hr class=\"wp-block-separator has-alpha-channel-opacity\"\/>\n\n\n\n<blockquote class=\"wp-block-quote is-layout-flow wp-block-quote-is-layout-flow\">\n<p>Mme Gaborit est tr\u00e8s s\u00e9rieuse et a respect\u00e9 ses engagements.<\/p>\n<\/blockquote>\n\n\n\n<p class=\"has-luminous-vivid-amber-color has-text-color has-link-color has-medium-font-size wp-elements-80d9f1f98562a9da7bba6c6ab225aa89\"><strong>Cyril Scotto<\/strong> &#8211; <em>Ets Boyer<\/em> &#8211; le 11\/04\/2026<\/p>\n\n\n\n<div style=\"height:4px\" aria-hidden=\"true\" class=\"wp-block-spacer\"><\/div>\n\n\n\n<hr class=\"wp-block-separator has-alpha-channel-opacity\"\/>\n\n\n\n<blockquote class=\"wp-block-quote is-layout-flow wp-block-quote-is-layout-flow\">\n<p>Personne tr\u00e8s professionnelle,<br>Je suis tr\u00e8s satisfait de la prestation.<br>Je recommande.<\/p>\n<\/blockquote>\n\n\n\n<p class=\"has-luminous-vivid-amber-color has-text-color has-link-color has-medium-font-size wp-elements-ad967e5302d4ef5d7d2d3accdb78a385\"><strong>Christophe Esclavard<\/strong> &#8211; Sellerie du Littoral &#8211; le 11\/04\/2026<\/p>\n\n\n\n<div style=\"height:4px\" aria-hidden=\"true\" class=\"wp-block-spacer\"><\/div>\n\n\n\n<blockquote class=\"wp-block-quote is-layout-flow wp-block-quote-is-layout-flow\">\n<p>Eva a g\u00e9r\u00e9 depuis la commande jusqu\u2019\u00e0 la livraison des calendriers des mar\u00e9es 2026 ! Merci beaucoup pour votre suivi et votre disponibilit\u00e9 !<br><\/p>\n<\/blockquote>\n\n\n\n<p class=\"has-luminous-vivid-amber-color has-text-color has-link-color has-medium-font-size wp-elements-f523616a1ac15b0ebd18a58426bf23b4\"><strong>Tristan Penaud<\/strong> &#8211; Allianz Saint Pierre d&#8217;Ol\u00e9ron &#8211; le 21\/04\/2026<\/p>\n\n\n\n<div style=\"height:4px\" aria-hidden=\"true\" class=\"wp-block-spacer\"><\/div>\n\n\n\n<hr class=\"wp-block-separator has-alpha-channel-opacity\"\/>\n\n\n\n<p><\/p>\n","protected":false},"excerpt":{"rendered":"<p>Voici quelques avis laiss\u00e9s par des collaborateurs qui m&#8217;ont fait confiance.Si vous aussi, vous souhaitez t\u00e9moigner, \u00e9crivez moi un petit [&hellip;]<\/p>\n","protected":false},"author":2,"featured_media":0,"parent":0,"menu_order":0,"comment_status":"closed","ping_status":"closed","template":"","meta":{"_monsterinsights_skip_tracking":false,"_monsterinsights_sitenote_active":false,"_monsterinsights_sitenote_note":"","_monsterinsights_sitenote_category":0,"site-sidebar-layout":"default","site-content-layout":"","ast-site-content-layout":"","site-content-style":"default","site-sidebar-style":"default","ast-global-header-display":"","ast-banner-title-visibility":"","ast-main-header-display":"","ast-hfb-above-header-display":"","ast-hfb-below-header-display":"","ast-hfb-mobile-header-display":"","site-post-title":"disabled","ast-breadcrumbs-content":"","ast-featured-img":"","footer-sml-layout":"","theme-transparent-header-meta":"","adv-header-id-meta":"","stick-header-meta":"","header-above-stick-meta":"","header-main-stick-meta":"","header-below-stick-meta":"","astra-migrate-meta-layouts":"default","ast-page-background-enabled":"default","ast-page-background-meta":{"desktop":{"background-color":"var(--ast-global-color-4)","background-image":"","background-repeat":"repeat","background-position":"center center","background-size":"auto","background-attachment":"scroll","background-type":"","background-media":"","overlay-type":"","overlay-color":"","overlay-opacity":"","overlay-gradient":""},"tablet":{"background-color":"","background-image":"","background-repeat":"repeat","background-position":"center center","background-size":"auto","background-attachment":"scroll","background-type":"","background-media":"","overlay-type":"","overlay-color":"","overlay-opacity":"","overlay-gradient":""},"mobile":{"background-color":"","background-image":"","background-repeat":"repeat","background-position":"center center","background-size":"auto","background-attachment":"scroll","background-type":"","background-media":"","overlay-type":"","overlay-color":"","overlay-opacity":"","overlay-gradient":""}},"ast-content-background-meta":{"desktop":{"background-color":"var(--ast-global-color-5)","background-image":"","background-repeat":"repeat","background-position":"center center","background-size":"auto","background-attachment":"scroll","background-type":"","background-media":"","overlay-type":"","overlay-color":"","overlay-opacity":"","overlay-gradient":""},"tablet":{"background-color":"var(--ast-global-color-5)","background-image":"","background-repeat":"repeat","background-position":"center center","background-size":"auto","background-attachment":"scroll","background-type":"","background-media":"","overlay-type":"","overlay-color":"","overlay-opacity":"","overlay-gradient":""},"mobile":{"background-color":"var(--ast-global-color-5)","background-image":"","background-repeat":"repeat","background-position":"center center","background-size":"auto","background-attachment":"scroll","background-type":"","background-media":"","overlay-type":"","overlay-color":"","overlay-opacity":"","overlay-gradient":""}},"footnotes":""},"class_list":["post-341","page","type-page","status-publish","hentry"],"yoast_head":"<!-- This site is optimized with the Yoast SEO plugin v25.1 - https:\/\/yoast.com\/wordpress\/plugins\/seo\/ -->\n<title>T\u00e9moignages - L&#039;Atelier 9 - Eva GABORIT - Bourcefranc le Chapus<\/title>\n<meta name=\"description\" content=\"t\u00e9moignages sinc\u00e8res - entrepreneurs -commentaires concis - avis clients - textes pr\u00e9cis - exp\u00e9riences v\u00e9cues - qualit\u00e9s - retours positifs -\" \/>\n<meta name=\"robots\" content=\"index, follow, max-snippet:-1, max-image-preview:large, max-video-preview:-1\" \/>\n<link rel=\"canonical\" href=\"https:\/\/latelier9.eu\/index.php\/temoignages\/\" \/>\n<meta property=\"og:locale\" content=\"en_US\" \/>\n<meta property=\"og:type\" content=\"article\" \/>\n<meta property=\"og:title\" content=\"T\u00e9moignages - L&#039;Atelier 9 - Eva GABORIT - Bourcefranc le Chapus\" \/>\n<meta property=\"og:description\" content=\"t\u00e9moignages sinc\u00e8res - entrepreneurs -commentaires concis - avis clients - textes pr\u00e9cis - exp\u00e9riences v\u00e9cues - qualit\u00e9s - retours positifs -\" \/>\n<meta property=\"og:url\" content=\"https:\/\/latelier9.eu\/index.php\/temoignages\/\" \/>\n<meta property=\"og:site_name\" content=\"L&#039;Atelier 9\" \/>\n<meta property=\"article:publisher\" content=\"https:\/\/www.facebook.com\/GaboritEva?locale=fr_FR\" \/>\n<meta property=\"article:modified_time\" content=\"2026-04-21T14:40:43+00:00\" \/>\n<meta property=\"og:image\" content=\"https:\/\/latelier9.eu\/wp-content\/uploads\/2024\/08\/jess-bailey-l3N9Q27zULw-unsplash-1-edited-scaled.jpg\" \/>\n\t<meta property=\"og:image:width\" content=\"2560\" \/>\n\t<meta property=\"og:image:height\" content=\"1440\" \/>\n\t<meta property=\"og:image:type\" content=\"image\/jpeg\" \/>\n<meta name=\"twitter:card\" content=\"summary_large_image\" \/>\n<meta name=\"twitter:label1\" content=\"Est. reading time\" \/>\n\t<meta name=\"twitter:data1\" content=\"1 minute\" \/>\n<script type=\"application\/ld+json\" class=\"yoast-schema-graph\">{\"@context\":\"https:\/\/schema.org\",\"@graph\":[{\"@type\":\"WebPage\",\"@id\":\"https:\/\/latelier9.eu\/index.php\/temoignages\/\",\"url\":\"https:\/\/latelier9.eu\/index.php\/temoignages\/\",\"name\":\"T\u00e9moignages - L'Atelier 9 - Eva GABORIT - Bourcefranc le Chapus\",\"isPartOf\":{\"@id\":\"https:\/\/latelier9.eu\/#website\"},\"primaryImageOfPage\":{\"@id\":\"https:\/\/latelier9.eu\/index.php\/temoignages\/#primaryimage\"},\"image\":{\"@id\":\"https:\/\/latelier9.eu\/index.php\/temoignages\/#primaryimage\"},\"thumbnailUrl\":\"https:\/\/latelier9.eu\/wp-content\/uploads\/2024\/08\/jess-bailey-l3N9Q27zULw-unsplash-1-edited-scaled.jpg\",\"datePublished\":\"2024-07-08T09:43:50+00:00\",\"dateModified\":\"2026-04-21T14:40:43+00:00\",\"description\":\"t\u00e9moignages sinc\u00e8res - entrepreneurs -commentaires concis - avis clients - textes pr\u00e9cis - exp\u00e9riences v\u00e9cues - qualit\u00e9s - retours positifs -\",\"breadcrumb\":{\"@id\":\"https:\/\/latelier9.eu\/index.php\/temoignages\/#breadcrumb\"},\"inLanguage\":\"en-US\",\"potentialAction\":[{\"@type\":\"ReadAction\",\"target\":[\"https:\/\/latelier9.eu\/index.php\/temoignages\/\"]}]},{\"@type\":\"ImageObject\",\"inLanguage\":\"en-US\",\"@id\":\"https:\/\/latelier9.eu\/index.php\/temoignages\/#primaryimage\",\"url\":\"https:\/\/latelier9.eu\/wp-content\/uploads\/2024\/08\/jess-bailey-l3N9Q27zULw-unsplash-1-edited-scaled.jpg\",\"contentUrl\":\"https:\/\/latelier9.eu\/wp-content\/uploads\/2024\/08\/jess-bailey-l3N9Q27zULw-unsplash-1-edited-scaled.jpg\",\"width\":2560,\"height\":1440,\"caption\":\"crayons couleur - commentaire - t\u00e9moignages - avis - L'Atelier 9\"},{\"@type\":\"BreadcrumbList\",\"@id\":\"https:\/\/latelier9.eu\/index.php\/temoignages\/#breadcrumb\",\"itemListElement\":[{\"@type\":\"ListItem\",\"position\":1,\"name\":\"Accueil\",\"item\":\"https:\/\/latelier9.eu\/\"},{\"@type\":\"ListItem\",\"position\":2,\"name\":\"T\u00e9moignages\"}]},{\"@type\":\"WebSite\",\"@id\":\"https:\/\/latelier9.eu\/#website\",\"url\":\"https:\/\/latelier9.eu\/\",\"name\":\"L'Atelier 9\",\"description\":\"\",\"publisher\":{\"@id\":\"https:\/\/latelier9.eu\/#organization\"},\"alternateName\":\"Eva Gaborit\",\"potentialAction\":[{\"@type\":\"SearchAction\",\"target\":{\"@type\":\"EntryPoint\",\"urlTemplate\":\"https:\/\/latelier9.eu\/?s={search_term_string}\"},\"query-input\":{\"@type\":\"PropertyValueSpecification\",\"valueRequired\":true,\"valueName\":\"search_term_string\"}}],\"inLanguage\":\"en-US\"},{\"@type\":\"Organization\",\"@id\":\"https:\/\/latelier9.eu\/#organization\",\"name\":\"Eva Gaborit\",\"url\":\"https:\/\/latelier9.eu\/\",\"logo\":{\"@type\":\"ImageObject\",\"inLanguage\":\"en-US\",\"@id\":\"https:\/\/latelier9.eu\/#\/schema\/logo\/image\/\",\"url\":\"https:\/\/latelier9.eu\/wp-content\/uploads\/2025\/05\/cropped-Logo-atelier-9-RVB-fond-blanc.png\",\"contentUrl\":\"https:\/\/latelier9.eu\/wp-content\/uploads\/2025\/05\/cropped-Logo-atelier-9-RVB-fond-blanc.png\",\"width\":486,\"height\":434,\"caption\":\"Eva Gaborit\"},\"image\":{\"@id\":\"https:\/\/latelier9.eu\/#\/schema\/logo\/image\/\"},\"sameAs\":[\"https:\/\/www.facebook.com\/GaboritEva?locale=fr_FR\",\"https:\/\/www.linkedin.com\/in\/eva-gaborit\/\",\"https:\/\/www.instagram.com\/latelier9_graphiste\/\"]}]}<\/script>\n<!-- \/ Yoast SEO plugin. -->","yoast_head_json":{"title":"T\u00e9moignages - L'Atelier 9 - Eva GABORIT - Bourcefranc le Chapus","description":"t\u00e9moignages sinc\u00e8res - entrepreneurs -commentaires concis - avis clients - textes pr\u00e9cis - exp\u00e9riences v\u00e9cues - qualit\u00e9s - retours positifs -","robots":{"index":"index","follow":"follow","max-snippet":"max-snippet:-1","max-image-preview":"max-image-preview:large","max-video-preview":"max-video-preview:-1"},"canonical":"https:\/\/latelier9.eu\/index.php\/temoignages\/","og_locale":"en_US","og_type":"article","og_title":"T\u00e9moignages - L'Atelier 9 - Eva GABORIT - Bourcefranc le Chapus","og_description":"t\u00e9moignages sinc\u00e8res - entrepreneurs -commentaires concis - avis clients - textes pr\u00e9cis - exp\u00e9riences v\u00e9cues - qualit\u00e9s - retours positifs -","og_url":"https:\/\/latelier9.eu\/index.php\/temoignages\/","og_site_name":"L&#039;Atelier 9","article_publisher":"https:\/\/www.facebook.com\/GaboritEva?locale=fr_FR","article_modified_time":"2026-04-21T14:40:43+00:00","og_image":[{"width":2560,"height":1440,"url":"https:\/\/latelier9.eu\/wp-content\/uploads\/2024\/08\/jess-bailey-l3N9Q27zULw-unsplash-1-edited-scaled.jpg","type":"image\/jpeg"}],"twitter_card":"summary_large_image","twitter_misc":{"Est. reading time":"1 minute"},"schema":{"@context":"https:\/\/schema.org","@graph":[{"@type":"WebPage","@id":"https:\/\/latelier9.eu\/index.php\/temoignages\/","url":"https:\/\/latelier9.eu\/index.php\/temoignages\/","name":"T\u00e9moignages - L'Atelier 9 - Eva GABORIT - Bourcefranc le Chapus","isPartOf":{"@id":"https:\/\/latelier9.eu\/#website"},"primaryImageOfPage":{"@id":"https:\/\/latelier9.eu\/index.php\/temoignages\/#primaryimage"},"image":{"@id":"https:\/\/latelier9.eu\/index.php\/temoignages\/#primaryimage"},"thumbnailUrl":"https:\/\/latelier9.eu\/wp-content\/uploads\/2024\/08\/jess-bailey-l3N9Q27zULw-unsplash-1-edited-scaled.jpg","datePublished":"2024-07-08T09:43:50+00:00","dateModified":"2026-04-21T14:40:43+00:00","description":"t\u00e9moignages sinc\u00e8res - entrepreneurs -commentaires concis - avis clients - textes pr\u00e9cis - exp\u00e9riences v\u00e9cues - qualit\u00e9s - retours positifs -","breadcrumb":{"@id":"https:\/\/latelier9.eu\/index.php\/temoignages\/#breadcrumb"},"inLanguage":"en-US","potentialAction":[{"@type":"ReadAction","target":["https:\/\/latelier9.eu\/index.php\/temoignages\/"]}]},{"@type":"ImageObject","inLanguage":"en-US","@id":"https:\/\/latelier9.eu\/index.php\/temoignages\/#primaryimage","url":"https:\/\/latelier9.eu\/wp-content\/uploads\/2024\/08\/jess-bailey-l3N9Q27zULw-unsplash-1-edited-scaled.jpg","contentUrl":"https:\/\/latelier9.eu\/wp-content\/uploads\/2024\/08\/jess-bailey-l3N9Q27zULw-unsplash-1-edited-scaled.jpg","width":2560,"height":1440,"caption":"crayons couleur - commentaire - t\u00e9moignages - avis - L'Atelier 9"},{"@type":"BreadcrumbList","@id":"https:\/\/latelier9.eu\/index.php\/temoignages\/#breadcrumb","itemListElement":[{"@type":"ListItem","position":1,"name":"Accueil","item":"https:\/\/latelier9.eu\/"},{"@type":"ListItem","position":2,"name":"T\u00e9moignages"}]},{"@type":"WebSite","@id":"https:\/\/latelier9.eu\/#website","url":"https:\/\/latelier9.eu\/","name":"L'Atelier 9","description":"","publisher":{"@id":"https:\/\/latelier9.eu\/#organization"},"alternateName":"Eva Gaborit","potentialAction":[{"@type":"SearchAction","target":{"@type":"EntryPoint","urlTemplate":"https:\/\/latelier9.eu\/?s={search_term_string}"},"query-input":{"@type":"PropertyValueSpecification","valueRequired":true,"valueName":"search_term_string"}}],"inLanguage":"en-US"},{"@type":"Organization","@id":"https:\/\/latelier9.eu\/#organization","name":"Eva Gaborit","url":"https:\/\/latelier9.eu\/","logo":{"@type":"ImageObject","inLanguage":"en-US","@id":"https:\/\/latelier9.eu\/#\/schema\/logo\/image\/","url":"https:\/\/latelier9.eu\/wp-content\/uploads\/2025\/05\/cropped-Logo-atelier-9-RVB-fond-blanc.png","contentUrl":"https:\/\/latelier9.eu\/wp-content\/uploads\/2025\/05\/cropped-Logo-atelier-9-RVB-fond-blanc.png","width":486,"height":434,"caption":"Eva Gaborit"},"image":{"@id":"https:\/\/latelier9.eu\/#\/schema\/logo\/image\/"},"sameAs":["https:\/\/www.facebook.com\/GaboritEva?locale=fr_FR","https:\/\/www.linkedin.com\/in\/eva-gaborit\/","https:\/\/www.instagram.com\/latelier9_graphiste\/"]}]}},"_links":{"self":[{"href":"https:\/\/latelier9.eu\/index.php\/wp-json\/wp\/v2\/pages\/341","targetHints":{"allow":["GET"]}}],"collection":[{"href":"https:\/\/latelier9.eu\/index.php\/wp-json\/wp\/v2\/pages"}],"about":[{"href":"https:\/\/latelier9.eu\/index.php\/wp-json\/wp\/v2\/types\/page"}],"author":[{"embeddable":true,"href":"https:\/\/latelier9.eu\/index.php\/wp-json\/wp\/v2\/users\/2"}],"replies":[{"embeddable":true,"href":"https:\/\/latelier9.eu\/index.php\/wp-json\/wp\/v2\/comments?post=341"}],"version-history":[{"count":42,"href":"https:\/\/latelier9.eu\/index.php\/wp-json\/wp\/v2\/pages\/341\/revisions"}],"predecessor-version":[{"id":962,"href":"https:\/\/latelier9.eu\/index.php\/wp-json\/wp\/v2\/pages\/341\/revisions\/962"}],"wp:attachment":[{"href":"https:\/\/latelier9.eu\/index.php\/wp-json\/wp\/v2\/media?parent=341"}],"curies":[{"name":"wp","href":"https:\/\/api.w.org\/{rel}","templated":true}]}}